en 8687 is divided by 10.
7
Calculate the remainder when 69124 is divided by 18.
4
What is the remainder when 8694 is divided by 378?
0
Calculate the remainder when 299 is divided by 81.
56
Calculate the remainder when 18658 is divided by 65.
3
Calculate the remainder when 20370 is divided by 416.
402
What is the remainder when 127873 is divided by 2243?
22
What is the remainder when 3342 is divided by 842?
816
What is the remainder when 126906 is divided by 61?
26
What is the remainder when 22245 is divided by 18?
15
Calculate the remainder when 11957 is divided by 80.
37
Calculate the remainder when 23855 is divided by 11653.
549
Calculate the remainder when 3178 is divided by 27.
19
Calculate the remainder when 581999 is divided by 581997.
2
Calculate the remainder when 662 is divided by 103.
44
What is the remainder when 10002 is divided by 527?
516
What is the remainder when 8757 is divided by 8754?
3
What is the remainder when 1300 is divided by 238?
110
What is the remainder when 44595 is divided by 14855?
30
What is the remainder when 33319 is divided by 19?
12
Calculate the remainder when 137673 is divided by 45888.
9
Calculate the remainder when 3683 is divided by 102.
11
Calculate the remainder when 5383 is divided by 641.
255
Calculate the remainder when 20934 is divided by 10456.
22
What is the remainder when 785914 is divided by 37?
34
Calculate the remainder when 6628 is divided by 712.
220
Calculate the remainder when 1160771 is divided by 698.
695
Calculate the remainder when 14454 is divided by 60.
54
Calculate the remainder when 8444 is divided by 291.
5
Calculate the remainder when 10560 is divided by 5280.
0
Calculate the remainder when 67717 is divided by 826.
811
What is the remainder when 13003 is divided by 3241?
39
What is the remainder when 287183 is divided by 496?
495
Calculate the remainder when 26126 is divided by 742.
156
Calculate the remainder when 8976 is divided by 306.
102
Calculate the remainder when 2276 is divided by 85.
66
Calculate the remainder when 1778 is divided by 1599.
179
Calculate the remainder when 249631 is divided by 83201.
28
What is the remainder when 2392 is divided by 107?
38
What is the remainder when 2460617 is divided by 81?
80
What is the remainder when 37273 is divided by 18558?
157
Calculate the remainder when 78997 is divided by 266.
261
What is the remainder when 1102 is divided by 723?
379
Calculate the remainder when 3270 is divided by 193.
182
Calculate the remainder when 30496 is divided by 47.
40
What is the remainder when 884519 is divided by 252?
251
What is the remainder when 2657662 is divided by 432?
430
Calculate the remainder when 15868 is divided by 20.
8
What is the remainder when 7908 is divided by 1766?
844
Calculate the remainder when 7769 is divided by 16.
9
Calculate the remainder when 327787 is divided by 596.
583
Calculate the remainder when 1800 is divided by 160.
40
What is the remainder when 781 is divided by 30?
1
Calculate the remainder when 21111 is divided by 5260.
71
Calculate the remainder when 7463 is divided by 277.
261
What is the remainder when 5460 is divided by 498?
480
What is the remainder when 1966 is divided by 17?
11
What is the remainder when 2297 is divided by 762?
11
What is the remainder when 16571 is divided by 4134?
35
What is the remainder when 1781 is divided by 1462?
319
What is the remainder when 971 is divided by 805?
166
What is the remainder when 1158 is divided by 79?
52
Calculate the remainder when 19947 is divided by 19926.
21
What is the remainder when 665267 is divided by 42?
29
Calculate the remainder when 781729 is divided by 296.
289
Calculate the remainder when 1887 is divided by 331.
232
What is the remainder when 12286 is divided by 248?
134
Calculate the remainder when 9647 is divided by 2401.
43
What is the remainder when 2439 is divided by 161?
24
What is the remainder when 947 is divided by 459?
29
Calculate the remainder when 9644 is divided by 488.
372
Calculate the remainder when 102099 is divided by 25503.
87
Calculate the remainder when 265652 is divided by 17709.
17
Calculate the remainder when 56027 is divided by 203.
202
Calculate the remainder when 570263 is divided by 116.
7
Calculate the remainder when 10068 is divided by 171.
150
Calculate the remainder when 1979 is divided by 19.
3
What is the remainder when 48215 is divided by 12?
11
Calculate the remainder when 14177 is divided by 15.
2
What is the remainder when 2664 is divided by 338?
298
Calculate the remainder when 2127 is divided by 2115.
12
Calculate the remainder when 2837 is divided by 87.
53
Calculate the remainder when 4230513 is divided by 241.
240
What is the remainder when 16193 is divided by 73?
60
What is the remainder when 819 is divided by 218?
165
What is the remainder when 53241 is divided by 296?
257
Calculate the remainder when 2526 is divided by 18.
6
Calculate the remainder when 42002 is divided by 408.
386
Calculate the remainder when 6316 is divided by 288.
268
Calculate the remainder when 160426 is divided by 87.
85
Calculate the remainder when 30468 is divided by 492.
456
What is the remainder when 95958 is divided by 95911?
47
Calculate the remainder when 43432 is divided by 18.
16
Calculate the remainder when 96369 is divided by 294.
231
What is the remainder when 301582 is divided by 741?
736
Calculate the remainder when 150782 is divided by 12.
2
Calculate the remainder when 1552 is divided by 66.
34
Calculate the remainder when 1496 is divided by 835.
661
Calculate the remainder when 13959 is divided by 67.
23
What is the remainder when 3044 is divided by 24?
20
Calculate the remainder when 5175374 is divided by 2602.
2598
Calculate the remainder when 92695 is divided by 37.
10
What is the remainder when 5575 is divided by 1721?
412
What is the remainder when 228303 is divided by 55?
53
What is the remainder when 2040 is divided by 26?
12
What is the remainder when 113017 is divided by 161?
156
What is the remainder when 72209 is divided by 1017?
2
What is the remainder when 129888 is divided by 10824?
0
Calculate the remainder when 6032 is divided by 189.
173
Calculate the remainder when 18144 is divided by 6046.
6
What is the remainder when 9114 is divided by 350?
14
Calculate the remainder when 289185 is divided by 116.
113
What is the remainder when 947 is divided by 117?
11
What is the remainder when 619 is divided by 69?
67
Calculate the remainder when 984770 is divided by 2.
0
What is the remainder when 266689 is divided by 4233?
10
Calculate the remainder when 27320 is divided by 13637.
46
What is the remainder when 3926 is divided by 57?
50
Calculate the remainder when 10573 is divided by 32.
13
Calculate the remainder when 801 is divided by 113.
10
What is the remainder when 128403 is divided by 12837?
33
Calculate the remainder when 497 is divided by 327.
170
Calculate the remainder when 126 is divided by 27.
18
What is the remainder when 38633 is divided by 274?
273
What is the remainder when 12327 is divided by 21?
0
What is the remainder when 127536 is divided by 839?
8
Calculate the remainder when 3324 is divided by 72.
12
Calculate the remainder when 2631 is divided by 2606.
25
Calculate the remainder when 6932 is divided by 867.
863
What is the remainder when 5165 is divided by 821?
239
What is the remainder when 541882 is divided by 42?
40
Calculate the remainder when 5760 is divided by 2857.
46
What is the remainder when 731146 is divided by 1914?
1912
Calculate the remainder when 20181 is divided by 49.
42
Calculate the remainder when 43557 is divided by 88.
85
Calculate the remainder when 627675 is divided by 48282.
9
Calculate the remainder when 6566 is divided by 217.
56
Calculate the remainder when 3826 is divided by 72.
10
Calculate the remainder when 69731 is divided by 34863.
5
Calculate the remainder when 25218 is divided by 274.
10
Calculate the remainder when 513 is divided by 165.
18
Calculate the remainder when 5454533 is divided by 33.
29
What is the remainder when 29132 is divided by 8?
4
What is the remainder when 965 is divided by 359?
247
Calculate the remainder when 164240 is divided by 193.
190
Calculate the remainder when 267794 is divided by 99.
98
Calculate the remainde